m(-1). Let h(z) = z + 13. What is h(a)?
2
Let n(j) be the second derivative of 7*j**3/6 - 5*j**2 + 59*j - 2. Let a(z) = 16*z - 22. Let s(f) = 3*a(f) - 7*n(f). Determine s(-3).
7
Suppose -7 + 4 = r + 3*k, 0 = -2*k - 4. Let b(i) = 4 - 3*i**r + 0*i**3 + 3*i + 2*i**3 - 2*i**2. Let h be 3/(((-17)/(-68))/(3/(-12))). Determine b(h).
4
Let b = 9200 + -110395/12. Let v(l) be the second derivative of -1/3*l**3 + 1/2*l**2 - 31*l + 0 - b*l**4. Calculate v(1).
-6
Let w(i) = -74*i + 43. Let k(s) = 24*s + 1. Let m(a) = -3*k(a) - w(a). Calculate m(28).
10
Let f(j) be the first derivative of 7/3*j**3 + 1/4*j**4 - 3*j**2 + 176 + 16*j. Calculate f(-8).
0
Let q = -8 - -6. Let k(x) be the second derivative of -1/6*x**4 + 1/2*x**2 + x + 1/3*x**3 + 13. Calculate k(q).
-11
Suppose -13 - 1 = 2*v. Let a(k) be the third derivative of k**4/24 + 5*k**3/3 - 5*k**2 - 2188*k. Determine a(v).
3
Let k(b) be the first derivative of -b**6/24 - b**5/15 - b**4/12 + b**3/3 - 3*b**2 - 8*b + 76. Let y(h) be the second derivative of k(h). Determine y(-2).
30
Let f(q) = -16*q + 10. Let s(o) = 2*o - 1. Let z(r) = -f(r) - 5*s(r). Let t(y) = 3*y - 3. Let l(c) = 11*t(c) - 6*z(c). What is l(-2)?
3
Let k(x) = -6*x - 80. Let c be k(-19). Suppose -4*a = -2 + c. Let l(w) = w**2 + 7*w - 1. Determine l(a).
7
Let z(q) = q**3 + 5*q**2 + 1. Let f(r) = -41*r + 1. Let h be f(11). Let c be (6/5)/(27/h). Let j be -4*((-5)/c - -1). Determine z(j).
1
Let b(a) be the second derivative of a**4/4 + 11*a**3/3 - 7*a**2/2 + 2700*a. Give b(-8).
9
Let r(h) = h**3 - 27*h**2 + 14*h + 38. Let c be r(26). Let o = c + 273. Let j(s) = 6*s**3 - 1. Determine j(o).
-7
Let u be (15 - 5)*(-14)/(-35). Let s(j) be the first derivative of 4/3*j**3 - 5/2*j**2 - 7*j + 1/4*j**u - 30. Determine s(-5).
-7
Let t(r) = r**3 + 5*r**2 + 5. Let h(q) = 4*q**2 - 8*q - 6. Let d be h(3). Let b be 2/(-5) + (-159)/15. Let j = d + b. Give t(j).
5
Let j(q) = 5*q**3 + 4 - 16*q**2 - 4525*q + 4522*q + 10*q**2. Calculate j(-1).
-4
Let v(f) = -74*f**2 - 36*f + 37. Let p(k) = 45*k**2 + 17*k - 20. Let y(x) = -5*p(x) - 3*v(x). Give y(10).
-81
Let g(c) = c**2 - 23*c + 136. Suppose -108*f - 151 = 109*f - 2972. Determine g(f).
6
Suppose -4*v + 108 = -3*t, -3*v = -2*t + 3*t - 68. Suppose 0 = -4*w - 4*a, v = w + w - 4*a. Let l(u) = -w*u**2 - u**3 - 4 + 8*u - 7*u - 2*u**2. Calculate l(-6).
-10
Let i(a) = 11*a**2 - 275*a - 28. Let s(z) = 5*z**2 - 128*z - 14. Let v(y) = -6*i(y) + 13*s(y). What is v(-13)?
-1
Let a(x) = -8*x**2 - 7*x - 3. Suppose -5*p = -y + 18, 30 - 20 = 3*y - 4*p. Give a(y).
-21
Let o(u) = u**2 - 7*u + 3. Let h be -1 - (44/(-5))/(8/(-260)). Let t = 291 + h. Give o(t).
-9
Let n(m) = m**3 - 8*m**2 + 7*m - 4. Let b be n(7). Let x = 34 - 32. Let t(o) = -3*o + 2*o**x - 2 - 7*o**2 - o - o**3 + 0. Give t(b).
-2
Let z(x) = -2*x**2 - 7*x + 1. Let g = 183 + -187. Let l = 1 + g. Give z(l).
4
Let y(f) = 21*f - 235. Let w(i) = 7. Let k(j) = -9*w(j) + y(j). Give k(14).
-4
Suppose 4*k + k = 0. Suppose k*t = 5*t - 5. Let l(u) = -33*u**2 + u + 1 - 6*u + 5*u**2 - 20*u + 15*u**2 + 24*u. Calculate l(t).
-13
Suppose -190*g - 83*g - 1417 - 2678 = 0. Let k(p) = p + 14. Determine k(g).
-1
Let x(i) = -i**2 - 9*i - 9. Let w = 215 + -210. Let p be 4/2 - (7 + -4 + w). What is x(p)?
9
Let g(v) = -3*v - 51. Let m = 2893 - 2913. Calculate g(m).
9
Let p be (-60)/5*(0 - 5/((-90)/(-12))). Let w(g) = g + 1. Let y(v) = -5*v - 5. Let q(n) = -6*w(n) - y(n). Determine q(p).
-9
Let c(u) be the second derivative of -25/2*u**2 - 25*u + 1/24*u**4 + 1/6*u**3 + 0. Let z(o) be the first derivative of c(o). Calculate z(-7).
-6
Let r(b) = b**3 + 13*b**2 - 18*b - 2. Let f be r(-14). Let v = 45 - f. Let a(g) = g**3 + 8*g**2 - 7*g + 22. Let i be a(v). Let l(w) = -w - 3. What is l(i)?
-7
Suppose 4*x - 3*j + 64 = 0, -5*x + 6*j - 2*j = 79. Let n = -12 - x. Let c(l) = -l**2 + 8*l + 10. Determine c(n).
17
Let v = 7055 + -7057. Let q(r) = 3*r**3 - 2*r**2 - 7*r - 3. Give q(v).
-21
Let g(b) = b**3 - b - 9. Let n(o) = -2*o**3 + o**2 + 4*o + 26. Let t(h) = -11*g(h) - 4*n(h). Calculate t(-2).
13
Let a(z) = -z + 14. Let r(n) be the second derivative of -n**3/6 + 8*n**2 + 4*n - 2. Let t(p) = 4*a(p) - 3*r(p). Give t(10).
-2
Let v(i) be the third derivative of -7*i**4/24 - i**3/3 + i**2 + 62*i. Suppose x + 4*y - 8 - 10 = 0, -2*x + 12 = 2*y. Give v(x).
-16
Let r be 1*72 + 48/4 + -15. Let p(l) = 14 - r + 18 + 20 + 3*l + 20. What is p(0)?
3
Let t(q) = -18*q - 1156. Let n(h) = -112*h - 8352. Let b be n(-74). Give t(b).
-4
Let t be (4 - -1)/((-8)/(-16)). Suppose t*z + 56 = 3*z. Let o(n) = n**2 + 9*n - 1. Determine o(z).
-9
Suppose -5*q - 154 = -59. Let s(i) be the second derivative of -i**3/6 - 13*i**2/2 - 2767*i. Give s(q).
6
Let k(d) = -9*d + 96. Let y be k(10). Let j(z) = y + 74*z - 70*z + 1. Calculate j(-5).
-13
Let a(m) = -14*m**3 + 17*m**2 + 8*m - 6. Let f(q) = 3*q**3 - 5*q**2. Let t(u) = a(u) + 5*f(u). Give t(6).
-30
Suppose -360*d - 1002 - 731 = 2587. Let z(h) = -h**3 - 14*h**2 - 29*h - 7. Calculate z(d).
53
Let c(h) = -26*h + 3*h + 7*h + 14*h. Let b(t) = -t**2 - 5*t - 3. Let l(n) = b(n) + c(n). What is l(-6)?
3
Let g(n) = -24 - 64*n - 72*n + 146*n + n**2. Give g(2).
0
Let r = -19 - -82. Suppose -r = -3*a - 45. Let d(v) = v - 7. Give d(a).
-1
Let x be (1 + 1)/((-1)/2) + 0. Let t(u) = u**2 + 3*u + 5. Let n be t(x). Suppose -3 = -2*h - n. Let c(o) = 6*o + 4. Give c(h).
-14
Let r(s) be the first derivative of 3*s**4/4 + 2*s**3/3 - s**2 + s + 9. Let u = -381 - -382. Calculate r(u).
4
Let u(c) = c - 2. Let b(t) = 5 + 4 + t - 11. Let y(d) = 3*b(d) - 4*u(d). Suppose -3*o - 9 = 0, -g + 21*o - 17*o + 3 = 0. Calculate y(g).
11
Let d(j) be the third derivative of j**4/6 - 16*j**3/3 + 74*j**2 + 3*j + 7. Give d(7).
-4
Suppose 0 = 2*g + 3*u, -11 = -4*g + 3*u + 7. Let z(s) = 2 + g*s - 5*s + 5*s. What is z(-2)?
-4
Let m(o) = -2*o - 8. Suppose -8*l = -4*l - 56. Suppose 30*h - l = 32*h. Give m(h).
6
Suppose 4*w = -5*h + 26, -h - 8 = -4*w + 6. Let m(a) = 128*a**h + 3 - 2 - 127*a**2 + 7*a. What is m(-5)?
-9
Let g be 42/6*6/14. Suppose -5*t + 15 = 0, 0 = -u - 4*t + 5 + g. Let h(n) = -6*n - 5. Calculate h(u).
19
Let r be (-9487)/358 - (2 + -1)/(-2). Let m(q) = -q**3 - 27*q**2 - 25*q + 42. Calculate m(r).
16
Let j(m) = -2*m - 1. Let p be j(-2). Let z(f) = -5*f**3 - 3*f**2 + 1019*f + 3. Let c(t) = t**3 - 169*t - 1. Let x(u) = 6*c(u) + z(u). Calculate x(p).
12
Let d(w) = -5*w**2 + 16*w - 24. Let a be ((1680/(-216))/70)/(2/(-36)). Give d(a).
-12
Let a be (-6)/42 - (-6)/12*69/21. Let l(h) be the second derivative of 1/20*h**5 + a*h**3 - 2/3*h**4 + 6*h - 7/2*h**2 + 0. What is l(7)?
7
Let o(r) = 1166 - 2*r - 36*r**3 - 1164 + 3*r**2 - 4*r**2. Calculate o(1).
-37
Let s(u) = -u**3 - 9*u**2 + 17*u + 11. Suppose 6*a + 68 = 18*a + 188. What is s(a)?
-59
Let b(d) be the first derivative of -d**4/4 - 8*d**3/3 + 6*d**2 + 6*d - 4965. Calculate b(-9).
-21
Let n(g) be the first derivative of -g**6/30 - g**5/60 - g**4/24 + 3*g**2 - g + 15. Let c(a) be the second derivative of n(a). Give c(-1).
4
Let o(i) = -52*i**2 + 12*i - 464. Let k(f) = 16*f**2 - 4*f + 145. Let m(w) = 16*k(w) + 5*o(w). Give m(-3).
-24
Let g(c) = -64 + 109*c - 25*c + 82 + 152. What is g(-2)?
2
Let n(z) = -5*z**2 + 2*z**2 - 45*z**3 + 158*z**3 - 58*z**3 - 4 + z - 56*z**3. Determine n(0).
-4
Let l(h) = h**3 - 6*h**2 + 1. Let b = 127 + -131. Let d(y) = -y**3 - 5*y**2 + 3*y + 33. Let t be d(b). What is l(t)?
-24
Let n(f) be the first derivative of f**4/4 - 2*f**3/3 - 3*f**2 + 7*f + 314. What is n(3)?
-2
Let w(c) = c**2 - 102*c + 40 + 105*c - 9*c. Give w(0).
40
Let z = 15827 + -15824. Let u(t) be the second derivative of 13/2*t**2 + 3 - 4*t - 1/3*t**z. Determine u(9).
-5
Let l(n) be the third derivative of -13*n**4/24 + 29*n**3/3 + 829*n**2 + 1. Determine l(4).
6
Let w(c) be the first derivative of -c**2 - 111 - 2*c**3 + 4*c - 1/4*c**4. Calculate w(-5).
-11
Let p(n) = -7*n - 7 + 0 + 2 - 272*n**2 + 274*n**2. Determine p(-4).
55
Let x(u) be the third derivative of u**7/840 + u**6/360 + u**5/120 + u**4/12 - 6*u**3 - 8*u**2 + 14. Let g(n) be the first derivative of x(n). Determine g(0).
2
Let n(o) = 11*o + 51*o - 63*o - 3 - 5. Give n(12).
-20
Suppose 2136*s = 2128*s + 8. Let v(g) = 55*g**2 - 5*g + 2. Give v(s).
52
Let l(y) = -6*y + 2. Let v(g) = -3*g + 70. Let n be v(22). Suppose -3*